{"id":1346,"date":"2021-04-07T20:03:54","date_gmt":"2021-04-07T20:03:54","guid":{"rendered":"https:\/\/elgrifocomunicacionvisual.com.ar\/impermeabilizaciones\/?page_id=1346"},"modified":"2021-12-15T23:54:53","modified_gmt":"2021-12-15T23:54:53","slug":"impermeabilizar-techo-terraza","status":"publish","type":"page","link":"https:\/\/elgrifocomunicacionvisual.com.ar\/impermeabilizaciones\/impermeabilizar-techo-terraza\/","title":{"rendered":"Impermeabilizar TECHO \/ TERRAZA"},"content":{"rendered":"\n<div class=\"wp-block-group\"><div class=\"wp-block-group__inner-container is-layout-flow wp-block-group-is-layout-flow\">\n<div class=\"wp-block-media-text alignfull is-stacked-on-mobile is-vertically-aligned-top\" style=\"grid-template-columns:42% auto\"><figure class=\"wp-block-media-text__media\"><img loading=\"lazy\" decoding=\"async\" width=\"960\" height=\"560\" src=\"https:\/\/elgrifocomunicacionvisual.com.ar\/impermeabilizaciones\/wp-content\/uploads\/2021\/03\/HOGARES-3.jpg\" alt=\"\" class=\"wp-image-1126 size-full\" srcset=\"https:\/\/elgrifocomunicacionvisual.com.ar\/impermeabilizaciones\/wp-content\/uploads\/2021\/03\/HOGARES-3.jpg 960w, https:\/\/elgrifocomunicacionvisual.com.ar\/impermeabilizaciones\/wp-content\/uploads\/2021\/03\/HOGARES-3-300x175.jpg 300w, https:\/\/elgrifocomunicacionvisual.com.ar\/impermeabilizaciones\/wp-content\/uploads\/2021\/03\/HOGARES-3-768x448.jpg 768w\" sizes=\"auto, (max-width: 960px) 100vw, 960px\" \/><\/figure><div class=\"wp-block-media-text__content\">\n<h2 class=\"has-text-color wp-block-heading\" style=\"color:#01749e\">Impermeabiliz\u00e1 tu casa<br><\/h2>\n\n\n\n<p>Brindamos <strong>SERVICIO DE IMPERMEABILIZACI\u00d3N<\/strong> integral para viviendas. Realizamos un diagn\u00f3stico adecuado y solucionamos humedad y filtraciones que puedan presentarse en lugares residenciaales.<br><\/p>\n\n\n\n<h3 class=\"has-text-color wp-block-heading\" style=\"color:#01749e\"><strong>Impermeabilizamos<\/strong>:<\/h3>\n\n\n\n<ul class=\"wp-block-list\"><li>Terrazas transitables y no transitables<\/li><li>Paredes<\/li><li>Medianeras<\/li><li>Tanques y reservorios de agua<\/li><li>Piletas de nataci\u00f3n<\/li><li>Cocheras y estacionamientos en subsuelos<\/li><li>S\u00f3tanos<\/li><li>Control de humedad fre\u00e1tica<\/li><\/ul>\n\n\n\n<p><\/p>\n\n\n\n<p class=\"has-text-color\" style=\"color:#01749e\">Solicit\u00e1 m\u00e1s informaci\u00f3n<\/p>\n\n\n<div class=\"wpforms-container wpforms-container-full wpforms-block zerif-wpforms pirate_forms\" id=\"wpforms-134\"><form id=\"wpforms-form-134\" class=\"wpforms-validate wpforms-form\" data-formid=\"134\" method=\"post\" enctype=\"multipart\/form-data\" action=\"\/impermeabilizaciones\/wp-json\/wp\/v2\/pages\/1346\" data-token=\"f4ebe4b1b4b40a766135504630348965\" data-token-time=\"1778333392\"><noscript class=\"wpforms-error-noscript\">Por favor, activa JavaScript en tu navegador para completar este formulario.<\/noscript><div class=\"wpforms-field-container\"><div id=\"wpforms-134-field_11-container\" class=\"wpforms-field wpforms-field-name\" data-field-id=\"11\"><label class=\"wpforms-field-label\" for=\"wpforms-134-field_11\">Nombre <span class=\"wpforms-required-label\">*<\/span><\/label><input type=\"text\" id=\"wpforms-134-field_11\" class=\"wpforms-field-medium wpforms-field-required\" name=\"wpforms[fields][11]\" required><\/div><div id=\"wpforms-134-field_12-container\" class=\"wpforms-field wpforms-field-name\" data-field-id=\"12\"><label class=\"wpforms-field-label\" for=\"wpforms-134-field_12\">Localidad <span class=\"wpforms-required-label\">*<\/span><\/label><input type=\"text\" id=\"wpforms-134-field_12\" class=\"wpforms-field-medium wpforms-field-required\" name=\"wpforms[fields][12]\" required><\/div><div id=\"wpforms-134-field_5-container\" class=\"wpforms-field wpforms-field-email\" data-field-id=\"5\"><label class=\"wpforms-field-label\" for=\"wpforms-134-field_5\">Correo electr\u00f3nico <span class=\"wpforms-required-label\">*<\/span><\/label><input type=\"email\" id=\"wpforms-134-field_5\" class=\"wpforms-field-medium wpforms-field-required\" name=\"wpforms[fields][5]\" spellcheck=\"false\" required><\/div><div id=\"wpforms-134-field_2-container\" class=\"wpforms-field wpforms-field-textarea\" data-field-id=\"2\"><label class=\"wpforms-field-label wpforms-label-hide\" for=\"wpforms-134-field_2\">Message <span class=\"wpforms-required-label\">*<\/span><\/label><textarea id=\"wpforms-134-field_2\" class=\"wpforms-field-large wpforms-field-required\" name=\"wpforms[fields][2]\" placeholder=\"Mensaje\" required><\/textarea><\/div><div id=\"wpforms-134-field_13-container\" class=\"wpforms-field wpforms-field-select wpforms-field-select-style-classic\" data-field-id=\"13\"><label class=\"wpforms-field-label\" for=\"wpforms-134-field_13\">\u00bfC\u00f3mo nos conociste?<\/label><select id=\"wpforms-134-field_13\" class=\"wpforms-field-medium\" name=\"wpforms[fields][13]\"><option value=\"Buscando en Google\"  class=\"choice-1 depth-1\"  >Buscando en Google<\/option><option value=\"Facebook\"  class=\"choice-2 depth-1\"  >Facebook<\/option><option value=\"Instagram\"  class=\"choice-3 depth-1\"  >Instagram<\/option><option value=\"Recomendaci\u00f3n\"  class=\"choice-4 depth-1\"  >Recomendaci\u00f3n<\/option><\/select><\/div><\/div><!-- .wpforms-field-container --><div class=\"wpforms-field wpforms-field-hp\"><label for=\"wpforms-134-field-hp\" class=\"wpforms-field-label\">Name<\/label><input type=\"text\" name=\"wpforms[hp]\" id=\"wpforms-134-field-hp\" class=\"wpforms-field-medium\"><\/div><div class=\"wpforms-submit-container\" ><input type=\"hidden\" name=\"wpforms[id]\" value=\"134\"><input type=\"hidden\" name=\"page_title\" value=\"\"><input type=\"hidden\" name=\"page_url\" value=\"https:\/\/elgrifocomunicacionvisual.com.ar\/impermeabilizaciones\/wp-json\/wp\/v2\/pages\/1346\"><input type=\"hidden\" name=\"url_referer\" value=\"\"><button type=\"submit\" name=\"wpforms[submit]\" id=\"wpforms-submit-134\" class=\"wpforms-submit\" data-alt-text=\"Enviando...\" data-submit-text=\"Enviar Mensaje\" aria-live=\"assertive\" value=\"wpforms-submit\">Enviar Mensaje<\/button><\/div><\/form><\/div>  <!-- .wpforms-container -->\n\n\n<p class=\"has-text-color\" style=\"color:#01749e\">Taambi\u00e9n te puede interesar<\/p>\n\n\n\n<div class=\"wp-block-buttons is-layout-flex wp-block-buttons-is-layout-flex\">\n<div class=\"wp-block-button is-style-outline is-style-outline--2\"><a class=\"wp-block-button__link\" href=\"https:\/\/elgrifocomunicacionvisual.com.ar\/impermeabilizaciones\/impermeabilizaciones-para-consorcios\/\">Impermeabilizaci\u00f3n para CONSORCIOS<\/a><\/div>\n\n\n\n<div class=\"wp-block-button is-style-outline is-style-outline--3\"><a class=\"wp-block-button__link\" href=\"https:\/\/elgrifocomunicacionvisual.com.ar\/impermeabilizaciones\/impermeabilizar-techo-terraza\/\">Impermeabilizaciones para la INDUSTRIA y CONSTRUCTORAS<\/a><\/div>\n<\/div>\n<\/div><\/div>\n\n\n\n<p><\/p>\n<\/div><\/div>\n\n\n\n<p><\/p>\n","protected":false},"excerpt":{"rendered":"<p>Impermeabiliz\u00e1 tu casa Brindamos SERVICIO DE IMPERMEABILIZACI\u00d3N integral para viviendas. Realizamos un diagn\u00f3stico adecuado y solucionamos humedad y filtraciones que puedan presentarse en lugares residenciaales. Impermeabilizamos: Terrazas transitables y no transitables Paredes Medianeras Tanques y reservorios de agua Piletas de nataci\u00f3n Cocheras y estacionamientos en subsuelos S\u00f3tanos Control de humedad fre\u00e1tica Solicit\u00e1 m\u00e1s informaci\u00f3n Taambi\u00e9n&hellip;<\/p>\n","protected":false},"author":96739698,"featured_media":1126,"parent":0,"menu_order":0,"comment_status":"closed","ping_status":"closed","template":"page-templates\/template-builder.php","meta":{"footnotes":""},"class_list":["post-1346","page","type-page","status-publish","has-post-thumbnail","hentry"],"yoast_head":"<!-- This site is optimized with the Yoast SEO plugin v26.4 - https:\/\/yoast.com\/wordpress\/plugins\/seo\/ -->\n<title>Impermeabilizar TECHO \/ TERRAZA - Impermeabilizaciones Especiales<\/title>\n<meta name=\"description\" content=\"IMPERMEABILIZ\u00c1 tu casa, no dejes que goteras, humedad y filtraciones de tu techo o terraza arruinen tu hogar. Soluciones definitivas.\" \/>\n<meta name=\"robots\" content=\"index, follow, max-snippet:-1, max-image-preview:large, max-video-preview:-1\" \/>\n<link rel=\"canonical\" href=\"https:\/\/elgrifocomunicacionvisual.com.ar\/impermeabilizaciones\/impermeabilizar-techo-terraza\/\" \/>\n<meta property=\"og:locale\" content=\"es_ES\" \/>\n<meta property=\"og:type\" content=\"article\" \/>\n<meta property=\"og:title\" content=\"Impermeabilizar TECHO \/ TERRAZA - Impermeabilizaciones Especiales\" \/>\n<meta property=\"og:description\" content=\"IMPERMEABILIZ\u00c1 tu casa, no dejes que goteras, humedad y filtraciones de tu techo o terraza arruinen tu hogar. Soluciones definitivas.\" \/>\n<meta property=\"og:url\" content=\"https:\/\/elgrifocomunicacionvisual.com.ar\/impermeabilizaciones\/impermeabilizar-techo-terraza\/\" \/>\n<meta property=\"og:site_name\" content=\"Impermeabilizaciones Especiales\" \/>\n<meta property=\"article:publisher\" content=\"https:\/\/www.facebook.com\/especialistasenimpermeabilizaciones\/\" \/>\n<meta property=\"article:modified_time\" content=\"2021-12-15T23:54:53+00:00\" \/>\n<meta property=\"og:image\" content=\"https:\/\/elgrifocomunicacionvisual.com.ar\/impermeabilizaciones\/wp-content\/uploads\/2021\/03\/HOGARES-3.jpg\" \/>\n\t<meta property=\"og:image:width\" content=\"960\" \/>\n\t<meta property=\"og:image:height\" content=\"560\" \/>\n\t<meta property=\"og:image:type\" content=\"image\/jpeg\" \/>\n<meta name=\"twitter:card\" content=\"summary_large_image\" \/>\n<meta name=\"twitter:label1\" content=\"Tiempo de lectura\" \/>\n\t<meta name=\"twitter:data1\" content=\"1 minuto\" \/>\n<script type=\"application\/ld+json\" class=\"yoast-schema-graph\">{\"@context\":\"https:\/\/schema.org\",\"@graph\":[{\"@type\":\"WebPage\",\"@id\":\"https:\/\/elgrifocomunicacionvisual.com.ar\/impermeabilizaciones\/impermeabilizar-techo-terraza\/\",\"url\":\"https:\/\/elgrifocomunicacionvisual.com.ar\/impermeabilizaciones\/impermeabilizar-techo-terraza\/\",\"name\":\"Impermeabilizar TECHO \/ TERRAZA - Impermeabilizaciones Especiales\",\"isPartOf\":{\"@id\":\"https:\/\/elgrifocomunicacionvisual.com.ar\/impermeabilizaciones\/#website\"},\"primaryImageOfPage\":{\"@id\":\"https:\/\/elgrifocomunicacionvisual.com.ar\/impermeabilizaciones\/impermeabilizar-techo-terraza\/#primaryimage\"},\"image\":{\"@id\":\"https:\/\/elgrifocomunicacionvisual.com.ar\/impermeabilizaciones\/impermeabilizar-techo-terraza\/#primaryimage\"},\"thumbnailUrl\":\"https:\/\/elgrifocomunicacionvisual.com.ar\/impermeabilizaciones\/wp-content\/uploads\/2021\/03\/HOGARES-3.jpg\",\"datePublished\":\"2021-04-07T20:03:54+00:00\",\"dateModified\":\"2021-12-15T23:54:53+00:00\",\"description\":\"IMPERMEABILIZ\u00c1 tu casa, no dejes que goteras, humedad y filtraciones de tu techo o terraza arruinen tu hogar. Soluciones definitivas.\",\"inLanguage\":\"es\",\"potentialAction\":[{\"@type\":\"ReadAction\",\"target\":[\"https:\/\/elgrifocomunicacionvisual.com.ar\/impermeabilizaciones\/impermeabilizar-techo-terraza\/\"]}]},{\"@type\":\"ImageObject\",\"inLanguage\":\"es\",\"@id\":\"https:\/\/elgrifocomunicacionvisual.com.ar\/impermeabilizaciones\/impermeabilizar-techo-terraza\/#primaryimage\",\"url\":\"https:\/\/elgrifocomunicacionvisual.com.ar\/impermeabilizaciones\/wp-content\/uploads\/2021\/03\/HOGARES-3.jpg\",\"contentUrl\":\"https:\/\/elgrifocomunicacionvisual.com.ar\/impermeabilizaciones\/wp-content\/uploads\/2021\/03\/HOGARES-3.jpg\",\"width\":960,\"height\":560,\"caption\":\"impermeabilizar techo terraza\"},{\"@type\":\"WebSite\",\"@id\":\"https:\/\/elgrifocomunicacionvisual.com.ar\/impermeabilizaciones\/#website\",\"url\":\"https:\/\/elgrifocomunicacionvisual.com.ar\/impermeabilizaciones\/\",\"name\":\"Impermeabilizaciones Especiales\",\"description\":\"Te protege del agua y la humedad\",\"publisher\":{\"@id\":\"https:\/\/elgrifocomunicacionvisual.com.ar\/impermeabilizaciones\/#organization\"},\"potentialAction\":[{\"@type\":\"SearchAction\",\"target\":{\"@type\":\"EntryPoint\",\"urlTemplate\":\"https:\/\/elgrifocomunicacionvisual.com.ar\/impermeabilizaciones\/?s={search_term_string}\"},\"query-input\":{\"@type\":\"PropertyValueSpecification\",\"valueRequired\":true,\"valueName\":\"search_term_string\"}}],\"inLanguage\":\"es\"},{\"@type\":\"Organization\",\"@id\":\"https:\/\/elgrifocomunicacionvisual.com.ar\/impermeabilizaciones\/#organization\",\"name\":\"Impermeabilizaciones Especiales\",\"url\":\"https:\/\/elgrifocomunicacionvisual.com.ar\/impermeabilizaciones\/\",\"logo\":{\"@type\":\"ImageObject\",\"inLanguage\":\"es\",\"@id\":\"https:\/\/elgrifocomunicacionvisual.com.ar\/impermeabilizaciones\/#\/schema\/logo\/image\/\",\"url\":\"https:\/\/elgrifocomunicacionvisual.com.ar\/impermeabilizaciones\/wp-content\/uploads\/2021\/03\/cropped-logoimpermeabilizaciones-2.jpg\",\"contentUrl\":\"https:\/\/elgrifocomunicacionvisual.com.ar\/impermeabilizaciones\/wp-content\/uploads\/2021\/03\/cropped-logoimpermeabilizaciones-2.jpg\",\"width\":580,\"height\":120,\"caption\":\"Impermeabilizaciones Especiales\"},\"image\":{\"@id\":\"https:\/\/elgrifocomunicacionvisual.com.ar\/impermeabilizaciones\/#\/schema\/logo\/image\/\"},\"sameAs\":[\"https:\/\/www.facebook.com\/especialistasenimpermeabilizaciones\/\",\"https:\/\/www.instagram.com\/impermeabilizacionesesp\/\",\"https:\/\/www.youtube.com\/channel\/UCJoLpiaUnCTRkZWTS9dFGow\"]}]}<\/script>\n<!-- \/ Yoast SEO plugin. -->","yoast_head_json":{"title":"Impermeabilizar TECHO \/ TERRAZA - Impermeabilizaciones Especiales","description":"IMPERMEABILIZ\u00c1 tu casa, no dejes que goteras, humedad y filtraciones de tu techo o terraza arruinen tu hogar. Soluciones definitivas.","robots":{"index":"index","follow":"follow","max-snippet":"max-snippet:-1","max-image-preview":"max-image-preview:large","max-video-preview":"max-video-preview:-1"},"canonical":"https:\/\/elgrifocomunicacionvisual.com.ar\/impermeabilizaciones\/impermeabilizar-techo-terraza\/","og_locale":"es_ES","og_type":"article","og_title":"Impermeabilizar TECHO \/ TERRAZA - Impermeabilizaciones Especiales","og_description":"IMPERMEABILIZ\u00c1 tu casa, no dejes que goteras, humedad y filtraciones de tu techo o terraza arruinen tu hogar. Soluciones definitivas.","og_url":"https:\/\/elgrifocomunicacionvisual.com.ar\/impermeabilizaciones\/impermeabilizar-techo-terraza\/","og_site_name":"Impermeabilizaciones Especiales","article_publisher":"https:\/\/www.facebook.com\/especialistasenimpermeabilizaciones\/","article_modified_time":"2021-12-15T23:54:53+00:00","og_image":[{"width":960,"height":560,"url":"https:\/\/elgrifocomunicacionvisual.com.ar\/impermeabilizaciones\/wp-content\/uploads\/2021\/03\/HOGARES-3.jpg","type":"image\/jpeg"}],"twitter_card":"summary_large_image","twitter_misc":{"Tiempo de lectura":"1 minuto"},"schema":{"@context":"https:\/\/schema.org","@graph":[{"@type":"WebPage","@id":"https:\/\/elgrifocomunicacionvisual.com.ar\/impermeabilizaciones\/impermeabilizar-techo-terraza\/","url":"https:\/\/elgrifocomunicacionvisual.com.ar\/impermeabilizaciones\/impermeabilizar-techo-terraza\/","name":"Impermeabilizar TECHO \/ TERRAZA - Impermeabilizaciones Especiales","isPartOf":{"@id":"https:\/\/elgrifocomunicacionvisual.com.ar\/impermeabilizaciones\/#website"},"primaryImageOfPage":{"@id":"https:\/\/elgrifocomunicacionvisual.com.ar\/impermeabilizaciones\/impermeabilizar-techo-terraza\/#primaryimage"},"image":{"@id":"https:\/\/elgrifocomunicacionvisual.com.ar\/impermeabilizaciones\/impermeabilizar-techo-terraza\/#primaryimage"},"thumbnailUrl":"https:\/\/elgrifocomunicacionvisual.com.ar\/impermeabilizaciones\/wp-content\/uploads\/2021\/03\/HOGARES-3.jpg","datePublished":"2021-04-07T20:03:54+00:00","dateModified":"2021-12-15T23:54:53+00:00","description":"IMPERMEABILIZ\u00c1 tu casa, no dejes que goteras, humedad y filtraciones de tu techo o terraza arruinen tu hogar. Soluciones definitivas.","inLanguage":"es","potentialAction":[{"@type":"ReadAction","target":["https:\/\/elgrifocomunicacionvisual.com.ar\/impermeabilizaciones\/impermeabilizar-techo-terraza\/"]}]},{"@type":"ImageObject","inLanguage":"es","@id":"https:\/\/elgrifocomunicacionvisual.com.ar\/impermeabilizaciones\/impermeabilizar-techo-terraza\/#primaryimage","url":"https:\/\/elgrifocomunicacionvisual.com.ar\/impermeabilizaciones\/wp-content\/uploads\/2021\/03\/HOGARES-3.jpg","contentUrl":"https:\/\/elgrifocomunicacionvisual.com.ar\/impermeabilizaciones\/wp-content\/uploads\/2021\/03\/HOGARES-3.jpg","width":960,"height":560,"caption":"impermeabilizar techo terraza"},{"@type":"WebSite","@id":"https:\/\/elgrifocomunicacionvisual.com.ar\/impermeabilizaciones\/#website","url":"https:\/\/elgrifocomunicacionvisual.com.ar\/impermeabilizaciones\/","name":"Impermeabilizaciones Especiales","description":"Te protege del agua y la humedad","publisher":{"@id":"https:\/\/elgrifocomunicacionvisual.com.ar\/impermeabilizaciones\/#organization"},"potentialAction":[{"@type":"SearchAction","target":{"@type":"EntryPoint","urlTemplate":"https:\/\/elgrifocomunicacionvisual.com.ar\/impermeabilizaciones\/?s={search_term_string}"},"query-input":{"@type":"PropertyValueSpecification","valueRequired":true,"valueName":"search_term_string"}}],"inLanguage":"es"},{"@type":"Organization","@id":"https:\/\/elgrifocomunicacionvisual.com.ar\/impermeabilizaciones\/#organization","name":"Impermeabilizaciones Especiales","url":"https:\/\/elgrifocomunicacionvisual.com.ar\/impermeabilizaciones\/","logo":{"@type":"ImageObject","inLanguage":"es","@id":"https:\/\/elgrifocomunicacionvisual.com.ar\/impermeabilizaciones\/#\/schema\/logo\/image\/","url":"https:\/\/elgrifocomunicacionvisual.com.ar\/impermeabilizaciones\/wp-content\/uploads\/2021\/03\/cropped-logoimpermeabilizaciones-2.jpg","contentUrl":"https:\/\/elgrifocomunicacionvisual.com.ar\/impermeabilizaciones\/wp-content\/uploads\/2021\/03\/cropped-logoimpermeabilizaciones-2.jpg","width":580,"height":120,"caption":"Impermeabilizaciones Especiales"},"image":{"@id":"https:\/\/elgrifocomunicacionvisual.com.ar\/impermeabilizaciones\/#\/schema\/logo\/image\/"},"sameAs":["https:\/\/www.facebook.com\/especialistasenimpermeabilizaciones\/","https:\/\/www.instagram.com\/impermeabilizacionesesp\/","https:\/\/www.youtube.com\/channel\/UCJoLpiaUnCTRkZWTS9dFGow"]}]}},"_links":{"self":[{"href":"https:\/\/elgrifocomunicacionvisual.com.ar\/impermeabilizaciones\/wp-json\/wp\/v2\/pages\/1346","targetHints":{"allow":["GET"]}}],"collection":[{"href":"https:\/\/elgrifocomunicacionvisual.com.ar\/impermeabilizaciones\/wp-json\/wp\/v2\/pages"}],"about":[{"href":"https:\/\/elgrifocomunicacionvisual.com.ar\/impermeabilizaciones\/wp-json\/wp\/v2\/types\/page"}],"author":[{"embeddable":true,"href":"https:\/\/elgrifocomunicacionvisual.com.ar\/impermeabilizaciones\/wp-json\/wp\/v2\/users\/96739698"}],"replies":[{"embeddable":true,"href":"https:\/\/elgrifocomunicacionvisual.com.ar\/impermeabilizaciones\/wp-json\/wp\/v2\/comments?post=1346"}],"version-history":[{"count":5,"href":"https:\/\/elgrifocomunicacionvisual.com.ar\/impermeabilizaciones\/wp-json\/wp\/v2\/pages\/1346\/revisions"}],"predecessor-version":[{"id":1911,"href":"https:\/\/elgrifocomunicacionvisual.com.ar\/impermeabilizaciones\/wp-json\/wp\/v2\/pages\/1346\/revisions\/1911"}],"wp:featuredmedia":[{"embeddable":true,"href":"https:\/\/elgrifocomunicacionvisual.com.ar\/impermeabilizaciones\/wp-json\/wp\/v2\/media\/1126"}],"wp:attachment":[{"href":"https:\/\/elgrifocomunicacionvisual.com.ar\/impermeabilizaciones\/wp-json\/wp\/v2\/media?parent=1346"}],"curies":[{"name":"wp","href":"https:\/\/api.w.org\/{rel}","templated":true}]}}