{"id":1242,"date":"2021-03-12T23:36:34","date_gmt":"2021-03-12T23:36:34","guid":{"rendered":"https:\/\/elgrifocomunicacionvisual.com.ar\/impermeabilizaciones\/?page_id=1242"},"modified":"2021-08-04T21:39:34","modified_gmt":"2021-08-04T21:39:34","slug":"impermeabilizar-cimientos","status":"publish","type":"page","link":"https:\/\/elgrifocomunicacionvisual.com.ar\/impermeabilizaciones\/impermeabilizar-cimientos\/","title":{"rendered":"Impermeabilizar Cimientos"},"content":{"rendered":"\n<div class=\"wp-block-media-text alignwide is-stacked-on-mobile is-vertically-aligned-top\" style=\"grid-template-columns:22% auto\"><figure class=\"wp-block-media-text__media\"><img loading=\"lazy\" decoding=\"async\" width=\"150\" height=\"150\" src=\"https:\/\/elgrifocomunicacionvisual.com.ar\/impermeabilizaciones\/wp-content\/uploads\/2021\/03\/impermeabilizzcioncimientos.jpg\" alt=\"\" class=\"wp-image-1203 size-full\"\/><\/figure><div class=\"wp-block-media-text__content\">\n<h2 class=\"has-text-color wp-block-heading\" style=\"color:#01749e\">Impermeabilizar cimientos<\/h2>\n\n\n\n<p>Brindamos servicio para <strong>impermeabilizar  cimientos <\/strong>y hacemos foco en la importancia de dos factores fundamentales que hay que tener en cuenta al comenzar una obra:<\/p>\n\n\n\n<ul class=\"wp-block-list\"><li>Conformaci\u00f3n de las cimentaciones<\/li><li>Presi\u00f3n fre\u00e1tica y permeabilidad del suelo<\/li><\/ul>\n\n\n\n<p>Tanto los sobrecimientos como los cimientos se impermeabilizan con poductos qu\u00edmicos bloqueadores de capilaridad. Hoy en d\u00eda existen numerosos aditivos para <strong>impermeabilizar<\/strong> <strong>ciimientos<\/strong>. La elecci\u00f3n y utilizaci\u00f3n correcta del material depender\u00e1 de manera directo de un buen an\u00e1lisis de los factores anteriormente mencionados.<\/p>\n\n\n\n<p class=\"has-text-color\" style=\"color:#01749e\">Solicit\u00e1 m\u00e1s informaci\u00f3n<\/p>\n\n\n<div class=\"wpforms-container wpforms-container-full wpforms-block zerif-wpforms pirate_forms\" id=\"wpforms-134\"><form id=\"wpforms-form-134\" class=\"wpforms-validate wpforms-form\" data-formid=\"134\" method=\"post\" enctype=\"multipart\/form-data\" action=\"\/impermeabilizaciones\/wp-json\/wp\/v2\/pages\/1242\" data-token=\"f4ebe4b1b4b40a766135504630348965\" data-token-time=\"1778333406\"><noscript class=\"wpforms-error-noscript\">Por favor, activa JavaScript en tu navegador para completar este formulario.<\/noscript><div class=\"wpforms-field-container\"><div id=\"wpforms-134-field_11-container\" class=\"wpforms-field wpforms-field-name\" data-field-id=\"11\"><label class=\"wpforms-field-label\" for=\"wpforms-134-field_11\">Nombre <span class=\"wpforms-required-label\">*<\/span><\/label><input type=\"text\" id=\"wpforms-134-field_11\" class=\"wpforms-field-medium wpforms-field-required\" name=\"wpforms[fields][11]\" required><\/div><div id=\"wpforms-134-field_12-container\" class=\"wpforms-field wpforms-field-name\" data-field-id=\"12\"><label class=\"wpforms-field-label\" for=\"wpforms-134-field_12\">Localidad <span class=\"wpforms-required-label\">*<\/span><\/label><input type=\"text\" id=\"wpforms-134-field_12\" class=\"wpforms-field-medium wpforms-field-required\" name=\"wpforms[fields][12]\" required><\/div><div id=\"wpforms-134-field_5-container\" class=\"wpforms-field wpforms-field-email\" data-field-id=\"5\"><label class=\"wpforms-field-label\" for=\"wpforms-134-field_5\">Correo electr\u00f3nico <span class=\"wpforms-required-label\">*<\/span><\/label><input type=\"email\" id=\"wpforms-134-field_5\" class=\"wpforms-field-medium wpforms-field-required\" name=\"wpforms[fields][5]\" spellcheck=\"false\" required><\/div><div id=\"wpforms-134-field_2-container\" class=\"wpforms-field wpforms-field-textarea\" data-field-id=\"2\"><label class=\"wpforms-field-label wpforms-label-hide\" for=\"wpforms-134-field_2\">Message <span class=\"wpforms-required-label\">*<\/span><\/label><textarea id=\"wpforms-134-field_2\" class=\"wpforms-field-large wpforms-field-required\" name=\"wpforms[fields][2]\" placeholder=\"Mensaje\" required><\/textarea><\/div><div id=\"wpforms-134-field_13-container\" class=\"wpforms-field wpforms-field-select wpforms-field-select-style-classic\" data-field-id=\"13\"><label class=\"wpforms-field-label\" for=\"wpforms-134-field_13\">\u00bfC\u00f3mo nos conociste?<\/label><select id=\"wpforms-134-field_13\" class=\"wpforms-field-medium\" name=\"wpforms[fields][13]\"><option value=\"Buscando en Google\"  class=\"choice-1 depth-1\"  >Buscando en Google<\/option><option value=\"Facebook\"  class=\"choice-2 depth-1\"  >Facebook<\/option><option value=\"Instagram\"  class=\"choice-3 depth-1\"  >Instagram<\/option><option value=\"Recomendaci\u00f3n\"  class=\"choice-4 depth-1\"  >Recomendaci\u00f3n<\/option><\/select><\/div><\/div><!-- .wpforms-field-container --><div class=\"wpforms-field wpforms-field-hp\"><label for=\"wpforms-134-field-hp\" class=\"wpforms-field-label\">Website<\/label><input type=\"text\" name=\"wpforms[hp]\" id=\"wpforms-134-field-hp\" class=\"wpforms-field-medium\"><\/div><div class=\"wpforms-submit-container\" ><input type=\"hidden\" name=\"wpforms[id]\" value=\"134\"><input type=\"hidden\" name=\"page_title\" value=\"\"><input type=\"hidden\" name=\"page_url\" value=\"https:\/\/elgrifocomunicacionvisual.com.ar\/impermeabilizaciones\/wp-json\/wp\/v2\/pages\/1242\"><input type=\"hidden\" name=\"url_referer\" value=\"\"><button type=\"submit\" name=\"wpforms[submit]\" id=\"wpforms-submit-134\" class=\"wpforms-submit\" data-alt-text=\"Enviando...\" data-submit-text=\"Enviar Mensaje\" aria-live=\"assertive\" value=\"wpforms-submit\">Enviar Mensaje<\/button><\/div><\/form><\/div>  <!-- .wpforms-container -->\n\n\n<p class=\"has-black-color has-text-color\">Tambi\u00e9n te pueden interesar otras<strong> \u00e1reas que impermeabilizamos:<\/strong><\/p>\n\n\n\n<ul class=\"wp-block-list\"><li><a href=\"https:\/\/elgrifocomunicacionvisual.com.ar\/impermeabilizaciones\/impermeabilizar-terraza\/\"><\/a><a href=\"https:\/\/elgrifocomunicacionvisual.com.ar\/impermeabilizaciones\/impermeabilizar-terraza\/\">Terrazas<\/a><\/li><li><a href=\"https:\/\/elgrifocomunicacionvisual.com.ar\/impermeabilizaciones\/impermeabilizar-terraza\/\"><\/a><a href=\"https:\/\/elgrifocomunicacionvisual.com.ar\/impermeabilizaciones\/impermeabilizacion-con-membrana\/\">Techos no transitables<\/a><\/li><li><a href=\"https:\/\/elgrifocomunicacionvisual.com.ar\/impermeabilizaciones\/impermeabilizar-terraza\/\"><\/a><a href=\"https:\/\/elgrifocomunicacionvisual.com.ar\/impermeabilizaciones\/impermeabilizar-tanques\/\">Tanques de agua<\/a><\/li><li><a href=\"https:\/\/elgrifocomunicacionvisual.com.ar\/impermeabilizaciones\/impermeabilizar-terraza\/\"><\/a><a href=\"https:\/\/elgrifocomunicacionvisual.com.ar\/impermeabilizaciones\/impermeabilizar-medianeras\/\">Medianeras y Fachadas<\/a><\/li><li><a href=\"https:\/\/elgrifocomunicacionvisual.com.ar\/impermeabilizaciones\/impermeabilizar-terraza\/\"><\/a><a href=\"https:\/\/elgrifocomunicacionvisual.com.ar\/impermeabilizaciones\/impermeabilizar-subsuelos\/\">Subsuelos y S\u00f3tanos<\/a><\/li><li><a href=\"https:\/\/elgrifocomunicacionvisual.com.ar\/impermeabilizaciones\/humedad-freatica\/\">Control de humedad fre\u00e1tica<\/a><\/li><li><a href=\"https:\/\/elgrifocomunicacionvisual.com.ar\/impermeabilizaciones\/impermeabilizar-terraza\/\"><\/a><a href=\"https:\/\/elgrifocomunicacionvisual.com.ar\/impermeabilizaciones\/impermeabilizar-pistones\/\">Pistones de elevadores y montacargas<\/a><\/li><li><a href=\"https:\/\/elgrifocomunicacionvisual.com.ar\/impermeabilizaciones\/impermeabilizar-terraza\/\"><\/a><a href=\"https:\/\/elgrifocomunicacionvisual.com.ar\/impermeabilizaciones\/impermeabilizar-fosos-de-ascensores\/\">Fosos de ascensores<\/a><\/li><li><a href=\"https:\/\/elgrifocomunicacionvisual.com.ar\/impermeabilizaciones\/impermeabilizar-terraza\/\"><\/a><a href=\"https:\/\/elgrifocomunicacionvisual.com.ar\/impermeabilizaciones\/impermeabilizar-piletas\/\">Piletas de nataci\u00f3n<\/a><\/li><li><a href=\"https:\/\/elgrifocomunicacionvisual.com.ar\/impermeabilizaciones\/impermeabilizar-terraza\/\"><\/a><a href=\"https:\/\/elgrifocomunicacionvisual.com.ar\/impermeabilizaciones\/impermeabilizar-silos-tolvas\/\">Silos Tolvas<\/a><\/li><li><a href=\"https:\/\/elgrifocomunicacionvisual.com.ar\/impermeabilizaciones\/impermeabilizar-terraza\/\"><\/a><a href=\"https:\/\/elgrifocomunicacionvisual.com.ar\/impermeabilizaciones\/impermeabilizar-balcones\/\">Balcones<\/a><\/li><\/ul>\n<\/div><\/div>\n","protected":false},"excerpt":{"rendered":"","protected":false},"author":96739698,"featured_media":1203,"parent":0,"menu_order":0,"comment_status":"closed","ping_status":"closed","template":"page-templates\/template-builder.php","meta":{"footnotes":""},"class_list":["post-1242","page","type-page","status-publish","has-post-thumbnail","hentry"],"yoast_head":"<!-- This site is optimized with the Yoast SEO plugin v26.4 - https:\/\/yoast.com\/wordpress\/plugins\/seo\/ -->\n<title>Impermeabilizar Cimientos - Impermeabilizaciones Especiales<\/title>\n<meta name=\"description\" content=\"Contamos con un servicio especializado para impermeabilizar cimientos. Trabajamos con poductos qu\u00edmicos bloqueadores de capilaridad.\" \/>\n<meta name=\"robots\" content=\"index, follow, max-snippet:-1, max-image-preview:large, max-video-preview:-1\" \/>\n<link rel=\"canonical\" href=\"https:\/\/elgrifocomunicacionvisual.com.ar\/impermeabilizaciones\/impermeabilizar-cimientos\/\" \/>\n<meta property=\"og:locale\" content=\"es_ES\" \/>\n<meta property=\"og:type\" content=\"article\" \/>\n<meta property=\"og:title\" content=\"Impermeabilizar Cimientos - Impermeabilizaciones Especiales\" \/>\n<meta property=\"og:description\" content=\"Contamos con un servicio especializado para impermeabilizar cimientos. Trabajamos con poductos qu\u00edmicos bloqueadores de capilaridad.\" \/>\n<meta property=\"og:url\" content=\"https:\/\/elgrifocomunicacionvisual.com.ar\/impermeabilizaciones\/impermeabilizar-cimientos\/\" \/>\n<meta property=\"og:site_name\" content=\"Impermeabilizaciones Especiales\" \/>\n<meta property=\"article:publisher\" content=\"https:\/\/www.facebook.com\/especialistasenimpermeabilizaciones\/\" \/>\n<meta property=\"article:modified_time\" content=\"2021-08-04T21:39:34+00:00\" \/>\n<meta property=\"og:image\" content=\"https:\/\/elgrifocomunicacionvisual.com.ar\/impermeabilizaciones\/wp-content\/uploads\/2021\/03\/impermeabilizzcioncimientos.jpg\" \/>\n\t<meta property=\"og:image:width\" content=\"150\" \/>\n\t<meta property=\"og:image:height\" content=\"150\" \/>\n\t<meta property=\"og:image:type\" content=\"image\/jpeg\" \/>\n<meta name=\"twitter:card\" content=\"summary_large_image\" \/>\n<meta name=\"twitter:label1\" content=\"Tiempo de lectura\" \/>\n\t<meta name=\"twitter:data1\" content=\"1 minuto\" \/>\n<script type=\"application\/ld+json\" class=\"yoast-schema-graph\">{\"@context\":\"https:\/\/schema.org\",\"@graph\":[{\"@type\":\"WebPage\",\"@id\":\"https:\/\/elgrifocomunicacionvisual.com.ar\/impermeabilizaciones\/impermeabilizar-cimientos\/\",\"url\":\"https:\/\/elgrifocomunicacionvisual.com.ar\/impermeabilizaciones\/impermeabilizar-cimientos\/\",\"name\":\"Impermeabilizar Cimientos - Impermeabilizaciones Especiales\",\"isPartOf\":{\"@id\":\"https:\/\/elgrifocomunicacionvisual.com.ar\/impermeabilizaciones\/#website\"},\"primaryImageOfPage\":{\"@id\":\"https:\/\/elgrifocomunicacionvisual.com.ar\/impermeabilizaciones\/impermeabilizar-cimientos\/#primaryimage\"},\"image\":{\"@id\":\"https:\/\/elgrifocomunicacionvisual.com.ar\/impermeabilizaciones\/impermeabilizar-cimientos\/#primaryimage\"},\"thumbnailUrl\":\"https:\/\/elgrifocomunicacionvisual.com.ar\/impermeabilizaciones\/wp-content\/uploads\/2021\/03\/impermeabilizzcioncimientos.jpg\",\"datePublished\":\"2021-03-12T23:36:34+00:00\",\"dateModified\":\"2021-08-04T21:39:34+00:00\",\"description\":\"Contamos con un servicio especializado para impermeabilizar cimientos. Trabajamos con poductos qu\u00edmicos bloqueadores de capilaridad.\",\"inLanguage\":\"es\",\"potentialAction\":[{\"@type\":\"ReadAction\",\"target\":[\"https:\/\/elgrifocomunicacionvisual.com.ar\/impermeabilizaciones\/impermeabilizar-cimientos\/\"]}]},{\"@type\":\"ImageObject\",\"inLanguage\":\"es\",\"@id\":\"https:\/\/elgrifocomunicacionvisual.com.ar\/impermeabilizaciones\/impermeabilizar-cimientos\/#primaryimage\",\"url\":\"https:\/\/elgrifocomunicacionvisual.com.ar\/impermeabilizaciones\/wp-content\/uploads\/2021\/03\/impermeabilizzcioncimientos.jpg\",\"contentUrl\":\"https:\/\/elgrifocomunicacionvisual.com.ar\/impermeabilizaciones\/wp-content\/uploads\/2021\/03\/impermeabilizzcioncimientos.jpg\",\"width\":150,\"height\":150,\"caption\":\"impermeabilizar cimientos\"},{\"@type\":\"WebSite\",\"@id\":\"https:\/\/elgrifocomunicacionvisual.com.ar\/impermeabilizaciones\/#website\",\"url\":\"https:\/\/elgrifocomunicacionvisual.com.ar\/impermeabilizaciones\/\",\"name\":\"Impermeabilizaciones Especiales\",\"description\":\"Te protege del agua y la humedad\",\"publisher\":{\"@id\":\"https:\/\/elgrifocomunicacionvisual.com.ar\/impermeabilizaciones\/#organization\"},\"potentialAction\":[{\"@type\":\"SearchAction\",\"target\":{\"@type\":\"EntryPoint\",\"urlTemplate\":\"https:\/\/elgrifocomunicacionvisual.com.ar\/impermeabilizaciones\/?s={search_term_string}\"},\"query-input\":{\"@type\":\"PropertyValueSpecification\",\"valueRequired\":true,\"valueName\":\"search_term_string\"}}],\"inLanguage\":\"es\"},{\"@type\":\"Organization\",\"@id\":\"https:\/\/elgrifocomunicacionvisual.com.ar\/impermeabilizaciones\/#organization\",\"name\":\"Impermeabilizaciones Especiales\",\"url\":\"https:\/\/elgrifocomunicacionvisual.com.ar\/impermeabilizaciones\/\",\"logo\":{\"@type\":\"ImageObject\",\"inLanguage\":\"es\",\"@id\":\"https:\/\/elgrifocomunicacionvisual.com.ar\/impermeabilizaciones\/#\/schema\/logo\/image\/\",\"url\":\"https:\/\/elgrifocomunicacionvisual.com.ar\/impermeabilizaciones\/wp-content\/uploads\/2021\/03\/cropped-logoimpermeabilizaciones-2.jpg\",\"contentUrl\":\"https:\/\/elgrifocomunicacionvisual.com.ar\/impermeabilizaciones\/wp-content\/uploads\/2021\/03\/cropped-logoimpermeabilizaciones-2.jpg\",\"width\":580,\"height\":120,\"caption\":\"Impermeabilizaciones Especiales\"},\"image\":{\"@id\":\"https:\/\/elgrifocomunicacionvisual.com.ar\/impermeabilizaciones\/#\/schema\/logo\/image\/\"},\"sameAs\":[\"https:\/\/www.facebook.com\/especialistasenimpermeabilizaciones\/\",\"https:\/\/www.instagram.com\/impermeabilizacionesesp\/\",\"https:\/\/www.youtube.com\/channel\/UCJoLpiaUnCTRkZWTS9dFGow\"]}]}<\/script>\n<!-- \/ Yoast SEO plugin. -->","yoast_head_json":{"title":"Impermeabilizar Cimientos - Impermeabilizaciones Especiales","description":"Contamos con un servicio especializado para impermeabilizar cimientos. Trabajamos con poductos qu\u00edmicos bloqueadores de capilaridad.","robots":{"index":"index","follow":"follow","max-snippet":"max-snippet:-1","max-image-preview":"max-image-preview:large","max-video-preview":"max-video-preview:-1"},"canonical":"https:\/\/elgrifocomunicacionvisual.com.ar\/impermeabilizaciones\/impermeabilizar-cimientos\/","og_locale":"es_ES","og_type":"article","og_title":"Impermeabilizar Cimientos - Impermeabilizaciones Especiales","og_description":"Contamos con un servicio especializado para impermeabilizar cimientos. Trabajamos con poductos qu\u00edmicos bloqueadores de capilaridad.","og_url":"https:\/\/elgrifocomunicacionvisual.com.ar\/impermeabilizaciones\/impermeabilizar-cimientos\/","og_site_name":"Impermeabilizaciones Especiales","article_publisher":"https:\/\/www.facebook.com\/especialistasenimpermeabilizaciones\/","article_modified_time":"2021-08-04T21:39:34+00:00","og_image":[{"width":150,"height":150,"url":"https:\/\/elgrifocomunicacionvisual.com.ar\/impermeabilizaciones\/wp-content\/uploads\/2021\/03\/impermeabilizzcioncimientos.jpg","type":"image\/jpeg"}],"twitter_card":"summary_large_image","twitter_misc":{"Tiempo de lectura":"1 minuto"},"schema":{"@context":"https:\/\/schema.org","@graph":[{"@type":"WebPage","@id":"https:\/\/elgrifocomunicacionvisual.com.ar\/impermeabilizaciones\/impermeabilizar-cimientos\/","url":"https:\/\/elgrifocomunicacionvisual.com.ar\/impermeabilizaciones\/impermeabilizar-cimientos\/","name":"Impermeabilizar Cimientos - Impermeabilizaciones Especiales","isPartOf":{"@id":"https:\/\/elgrifocomunicacionvisual.com.ar\/impermeabilizaciones\/#website"},"primaryImageOfPage":{"@id":"https:\/\/elgrifocomunicacionvisual.com.ar\/impermeabilizaciones\/impermeabilizar-cimientos\/#primaryimage"},"image":{"@id":"https:\/\/elgrifocomunicacionvisual.com.ar\/impermeabilizaciones\/impermeabilizar-cimientos\/#primaryimage"},"thumbnailUrl":"https:\/\/elgrifocomunicacionvisual.com.ar\/impermeabilizaciones\/wp-content\/uploads\/2021\/03\/impermeabilizzcioncimientos.jpg","datePublished":"2021-03-12T23:36:34+00:00","dateModified":"2021-08-04T21:39:34+00:00","description":"Contamos con un servicio especializado para impermeabilizar cimientos. Trabajamos con poductos qu\u00edmicos bloqueadores de capilaridad.","inLanguage":"es","potentialAction":[{"@type":"ReadAction","target":["https:\/\/elgrifocomunicacionvisual.com.ar\/impermeabilizaciones\/impermeabilizar-cimientos\/"]}]},{"@type":"ImageObject","inLanguage":"es","@id":"https:\/\/elgrifocomunicacionvisual.com.ar\/impermeabilizaciones\/impermeabilizar-cimientos\/#primaryimage","url":"https:\/\/elgrifocomunicacionvisual.com.ar\/impermeabilizaciones\/wp-content\/uploads\/2021\/03\/impermeabilizzcioncimientos.jpg","contentUrl":"https:\/\/elgrifocomunicacionvisual.com.ar\/impermeabilizaciones\/wp-content\/uploads\/2021\/03\/impermeabilizzcioncimientos.jpg","width":150,"height":150,"caption":"impermeabilizar cimientos"},{"@type":"WebSite","@id":"https:\/\/elgrifocomunicacionvisual.com.ar\/impermeabilizaciones\/#website","url":"https:\/\/elgrifocomunicacionvisual.com.ar\/impermeabilizaciones\/","name":"Impermeabilizaciones Especiales","description":"Te protege del agua y la humedad","publisher":{"@id":"https:\/\/elgrifocomunicacionvisual.com.ar\/impermeabilizaciones\/#organization"},"potentialAction":[{"@type":"SearchAction","target":{"@type":"EntryPoint","urlTemplate":"https:\/\/elgrifocomunicacionvisual.com.ar\/impermeabilizaciones\/?s={search_term_string}"},"query-input":{"@type":"PropertyValueSpecification","valueRequired":true,"valueName":"search_term_string"}}],"inLanguage":"es"},{"@type":"Organization","@id":"https:\/\/elgrifocomunicacionvisual.com.ar\/impermeabilizaciones\/#organization","name":"Impermeabilizaciones Especiales","url":"https:\/\/elgrifocomunicacionvisual.com.ar\/impermeabilizaciones\/","logo":{"@type":"ImageObject","inLanguage":"es","@id":"https:\/\/elgrifocomunicacionvisual.com.ar\/impermeabilizaciones\/#\/schema\/logo\/image\/","url":"https:\/\/elgrifocomunicacionvisual.com.ar\/impermeabilizaciones\/wp-content\/uploads\/2021\/03\/cropped-logoimpermeabilizaciones-2.jpg","contentUrl":"https:\/\/elgrifocomunicacionvisual.com.ar\/impermeabilizaciones\/wp-content\/uploads\/2021\/03\/cropped-logoimpermeabilizaciones-2.jpg","width":580,"height":120,"caption":"Impermeabilizaciones Especiales"},"image":{"@id":"https:\/\/elgrifocomunicacionvisual.com.ar\/impermeabilizaciones\/#\/schema\/logo\/image\/"},"sameAs":["https:\/\/www.facebook.com\/especialistasenimpermeabilizaciones\/","https:\/\/www.instagram.com\/impermeabilizacionesesp\/","https:\/\/www.youtube.com\/channel\/UCJoLpiaUnCTRkZWTS9dFGow"]}]}},"_links":{"self":[{"href":"https:\/\/elgrifocomunicacionvisual.com.ar\/impermeabilizaciones\/wp-json\/wp\/v2\/pages\/1242","targetHints":{"allow":["GET"]}}],"collection":[{"href":"https:\/\/elgrifocomunicacionvisual.com.ar\/impermeabilizaciones\/wp-json\/wp\/v2\/pages"}],"about":[{"href":"https:\/\/elgrifocomunicacionvisual.com.ar\/impermeabilizaciones\/wp-json\/wp\/v2\/types\/page"}],"author":[{"embeddable":true,"href":"https:\/\/elgrifocomunicacionvisual.com.ar\/impermeabilizaciones\/wp-json\/wp\/v2\/users\/96739698"}],"replies":[{"embeddable":true,"href":"https:\/\/elgrifocomunicacionvisual.com.ar\/impermeabilizaciones\/wp-json\/wp\/v2\/comments?post=1242"}],"version-history":[{"count":18,"href":"https:\/\/elgrifocomunicacionvisual.com.ar\/impermeabilizaciones\/wp-json\/wp\/v2\/pages\/1242\/revisions"}],"predecessor-version":[{"id":2115,"href":"https:\/\/elgrifocomunicacionvisual.com.ar\/impermeabilizaciones\/wp-json\/wp\/v2\/pages\/1242\/revisions\/2115"}],"wp:featuredmedia":[{"embeddable":true,"href":"https:\/\/elgrifocomunicacionvisual.com.ar\/impermeabilizaciones\/wp-json\/wp\/v2\/media\/1203"}],"wp:attachment":[{"href":"https:\/\/elgrifocomunicacionvisual.com.ar\/impermeabilizaciones\/wp-json\/wp\/v2\/media?parent=1242"}],"curies":[{"name":"wp","href":"https:\/\/api.w.org\/{rel}","templated":true}]}}